{"id":468,"date":"2022-07-14T12:05:35","date_gmt":"2022-07-14T10:05:35","guid":{"rendered":"http:\/\/isabellebouteillet.com\/?page_id=468"},"modified":"2022-07-19T15:34:36","modified_gmt":"2022-07-19T13:34:36","slug":"tirages","status":"publish","type":"page","link":"https:\/\/isabellebouteillet.com\/index.php\/tirages\/","title":{"rendered":"LES TIRAGES"},"content":{"rendered":"<div class=\"wp-block-image\">\n<figure class=\"aligncenter size-full is-resized\"><img loading=\"lazy\" decoding=\"async\" src=\"https:\/\/isabellebouteillet.com\/wp-content\/uploads\/2022\/07\/perso-3.png\" alt=\"\" class=\"wp-image-190\" width=\"376\" height=\"494\" srcset=\"https:\/\/isabellebouteillet.com\/wp-content\/uploads\/2022\/07\/perso-3.png 752w, https:\/\/isabellebouteillet.com\/wp-content\/uploads\/2022\/07\/perso-3-229x300.png 229w, https:\/\/isabellebouteillet.com\/wp-content\/uploads\/2022\/07\/perso-3-88x116.png 88w\" sizes=\"auto, (max-width: 376px) 100vw, 376px\" \/><\/figure>\n<\/div>\n\n<p class=\"fonts-plugin-block \" style=\"font-family: Lexend Tera;font-weight: 200;color: #000000\">Sp\u00e9cialiste des arts graphiques, Isabelle Bouteillet a choisi l\u2019impression num\u00e9rique pour une autre partie de ses cr\u00e9ations plus illustratives . La soci\u00e9t\u00e9 Clairefontaine vient d&#8217;\u00e9diter \u00e0 partir de ce travail une collection importante de carnets, cahiers, articles de papeterie distribu\u00e9s en France et \u00e0 l\u2019\u00e9tranger. Elle r\u00e9alise ces tirages\u00a0 gr\u00e2ce \u00e0 un travail d&#8217;infographiste tr\u00e8s pr\u00e9cis \u00e0 partir de ses originaux. Cette collection faite de petits personnages tr\u00e8s color\u00e9s a \u00e9t\u00e9 commercialis\u00e9e d\u00e8s les ann\u00e9es 2000 et a rencontr\u00e9 imm\u00e9diatement un vif int\u00e9r\u00eat.<\/p>\n\n\n<figure class=\"wp-block-gallery has-nested-images columns-default is-cropped wp-block-gallery-1 is-layout-flex wp-block-gallery-is-layout-flex\">\n<figure class=\"wp-block-image size-large\"><a href=\"https:\/\/isabellebouteillet.com\/wp-content\/uploads\/2022\/07\/tirage-2.png\"><img loading=\"lazy\" decoding=\"async\" width=\"483\" height=\"539\" data-id=\"571\" src=\"https:\/\/isabellebouteillet.com\/wp-content\/uploads\/2022\/07\/tirage-2.png\" alt=\"\" class=\"wp-image-571\" srcset=\"https:\/\/isabellebouteillet.com\/wp-content\/uploads\/2022\/07\/tirage-2.png 483w, https:\/\/isabellebouteillet.com\/wp-content\/uploads\/2022\/07\/tirage-2-269x300.png 269w, https:\/\/isabellebouteillet.com\/wp-content\/uploads\/2022\/07\/tirage-2-104x116.png 104w\" sizes=\"auto, (max-width: 483px) 100vw, 483px\" \/><\/a><\/figure>\n\n\n\n<figure class=\"wp-block-image size-large\"><a href=\"https:\/\/isabellebouteillet.com\/wp-content\/uploads\/2022\/07\/tirage-4.png\"><img loading=\"lazy\" decoding=\"async\" width=\"575\" height=\"518\" data-id=\"572\" src=\"https:\/\/isabellebouteillet.com\/wp-content\/uploads\/2022\/07\/tirage-4.png\" alt=\"\" class=\"wp-image-572\" srcset=\"https:\/\/isabellebouteillet.com\/wp-content\/uploads\/2022\/07\/tirage-4.png 575w, https:\/\/isabellebouteillet.com\/wp-content\/uploads\/2022\/07\/tirage-4-300x270.png 300w, https:\/\/isabellebouteillet.com\/wp-content\/uploads\/2022\/07\/tirage-4-129x116.png 129w\" sizes=\"auto, (max-width: 575px) 100vw, 575px\" \/><\/a><\/figure>\n\n\n\n<figure class=\"wp-block-image size-large\"><a href=\"https:\/\/isabellebouteillet.com\/wp-content\/uploads\/2022\/07\/tirage.png\"><img loading=\"lazy\" decoding=\"async\" width=\"510\" height=\"518\" data-id=\"573\" src=\"https:\/\/isabellebouteillet.com\/wp-content\/uploads\/2022\/07\/tirage.png\" alt=\"\" class=\"wp-image-573\" srcset=\"https:\/\/isabellebouteillet.com\/wp-content\/uploads\/2022\/07\/tirage.png 510w, https:\/\/isabellebouteillet.com\/wp-content\/uploads\/2022\/07\/tirage-295x300.png 295w, https:\/\/isabellebouteillet.com\/wp-content\/uploads\/2022\/07\/tirage-114x116.png 114w\" sizes=\"auto, (max-width: 510px) 100vw, 510px\" \/><\/a><\/figure>\n<\/figure>\n\n\n<p class=\"fonts-plugin-block \" style=\"font-family: Lexend Tera;font-weight: 200;color: #000000\">Elle continue \u00e0 les pr\u00e9senter et c&#8217;est ce qui lui a valu de collaborer avec les \u00e9ditions Clairefontaine qui ont depuis mars 2020 \u00e9dit\u00e9 toute une s\u00e9rie de carnets, trousses, agendas, bo\u00eetes \u00e0 bijoux, cahiers, r\u00e9pertoires, etc, avec la collection \u00ab<em>Ritournelle<\/em>\u00bb distribu\u00e9e en France mais aussi dans de nombreux pays \u00e9trangers. Cette collaboration a \u00e9t\u00e9 tr\u00e8s fructueuse.<br>Des tirages plus illustratifs sont visibles sur le site<a href=\"http:\/\/cobalt.name\/\">\u00a0www.cobalt.name<\/a><\/p>\n\n<div class=\"wp-block-image\">\n<figure class=\"aligncenter size-large is-resized\"><img loading=\"lazy\" decoding=\"async\" src=\"https:\/\/isabellebouteillet.com\/wp-content\/uploads\/2022\/07\/IMG_7297-copie-1024x768.jpg\" alt=\"\" class=\"wp-image-620\" width=\"768\" height=\"576\" srcset=\"https:\/\/isabellebouteillet.com\/wp-content\/uploads\/2022\/07\/IMG_7297-copie-1024x768.jpg 1024w, https:\/\/isabellebouteillet.com\/wp-content\/uploads\/2022\/07\/IMG_7297-copie-300x225.jpg 300w, https:\/\/isabellebouteillet.com\/wp-content\/uploads\/2022\/07\/IMG_7297-copie-768x576.jpg 768w, https:\/\/isabellebouteillet.com\/wp-content\/uploads\/2022\/07\/IMG_7297-copie-1536x1152.jpg 1536w, https:\/\/isabellebouteillet.com\/wp-content\/uploads\/2022\/07\/IMG_7297-copie-2048x1536.jpg 2048w, https:\/\/isabellebouteillet.com\/wp-content\/uploads\/2022\/07\/IMG_7297-copie-155x116.jpg 155w\" sizes=\"auto, (max-width: 768px) 100vw, 768px\" \/><\/figure>\n<\/div>","protected":false},"excerpt":{"rendered":"","protected":false},"author":1,"featured_media":0,"parent":0,"menu_order":0,"comment_status":"closed","ping_status":"closed","template":"page-templates\/full-width.php","meta":{"footnotes":""},"class_list":["post-468","page","type-page","status-publish","hentry"],"_links":{"self":[{"href":"https:\/\/isabellebouteillet.com\/index.php\/wp-json\/wp\/v2\/pages\/468","targetHints":{"allow":["GET"]}}],"collection":[{"href":"https:\/\/isabellebouteillet.com\/index.php\/wp-json\/wp\/v2\/pages"}],"about":[{"href":"https:\/\/isabellebouteillet.com\/index.php\/wp-json\/wp\/v2\/types\/page"}],"author":[{"embeddable":true,"href":"https:\/\/isabellebouteillet.com\/index.php\/wp-json\/wp\/v2\/users\/1"}],"replies":[{"embeddable":true,"href":"https:\/\/isabellebouteillet.com\/index.php\/wp-json\/wp\/v2\/comments?post=468"}],"version-history":[{"count":14,"href":"https:\/\/isabellebouteillet.com\/index.php\/wp-json\/wp\/v2\/pages\/468\/revisions"}],"predecessor-version":[{"id":682,"href":"https:\/\/isabellebouteillet.com\/index.php\/wp-json\/wp\/v2\/pages\/468\/revisions\/682"}],"wp:attachment":[{"href":"https:\/\/isabellebouteillet.com\/index.php\/wp-json\/wp\/v2\/media?parent=468"}],"curies":[{"name":"wp","href":"https:\/\/api.w.org\/{rel}","templated":true}]}}