{"id":9,"date":"2022-05-17T19:14:16","date_gmt":"2022-05-17T17:14:16","guid":{"rendered":"http:\/\/isabellebouteillet.com\/?page_id=9"},"modified":"2022-07-19T15:48:00","modified_gmt":"2022-07-19T13:48:00","slug":"a-propos-de","status":"publish","type":"page","link":"https:\/\/isabellebouteillet.com\/index.php\/a-propos-de\/","title":{"rendered":"PR\u00c9SENTATION"},"content":{"rendered":"<div class=\"wp-block-image\">\n<figure class=\"alignleft size-full\"><img loading=\"lazy\" decoding=\"async\" width=\"443\" height=\"414\" src=\"https:\/\/isabellebouteillet.com\/wp-content\/uploads\/2022\/07\/boubou.png\" alt=\"\" class=\"wp-image-396\" srcset=\"https:\/\/isabellebouteillet.com\/wp-content\/uploads\/2022\/07\/boubou.png 443w, https:\/\/isabellebouteillet.com\/wp-content\/uploads\/2022\/07\/boubou-300x280.png 300w, https:\/\/isabellebouteillet.com\/wp-content\/uploads\/2022\/07\/boubou-124x116.png 124w\" sizes=\"auto, (max-width: 443px) 100vw, 443px\" \/><figcaption><mark style=\"background-color:rgba(0, 0, 0, 0)\" class=\"has-inline-color has-black-color\">Isabelle Bouteillet dans son atelier,  \u00e0 Saint Germain en Laye.<\/mark> <\/figcaption><\/figure>\n<\/div>\n\n<p class=\"fonts-plugin-block \" style=\"font-family: Lexend Tera;font-weight: 200;font-size: 15px;color: #000000\">Artiste autodidacte, Isabelle Bouteillet a \u00e9t\u00e9 directrice d\u2019une galerie pendant dix-huit ans au cours desquels elle a assur\u00e9 la promotion de plusieurs peintres et la mise en place de nombreuses expositions.<br><br>Membre des Ateliers d\u2019art de France et de la Maison des Artistes, elle cr\u00e9e principalement des collages r\u00e9alis\u00e9s en techniques mixtes : acrylique, gouache,<br>papiers d\u00e9chir\u00e9s&#8230; Et aussi des sculptures en fil de fer et papier. Pr\u00e9sent\u00e9s sur les salons internationaux, ses originaux sont export\u00e9s vers plusieurs pays europ\u00e9ens et mais aussi au Japon, en Afrique du Sud, aux \u00c9tats-Unis et en Australie, notamment.<br><br>Elle r\u00e9alise des pi\u00e8ces uniques sur commande pour des projets, notamment \u00e0 la demande de d\u00e9corateurs de galeristes et de designers. Parmi les derni\u00e8res commandes, un portrait destin\u00e9 \u00e0 la couverture du num\u00e9ro de lancement d\u2019un magazine d\u00e9di\u00e9 \u00e0 l\u2019art contemporain \u00e0 Singapour (Galerie Isabelle Miaja).<br>\u00a0<br>Sp\u00e9cialiste des arts graphiques, Isabelle Bouteillet a choisi l\u2019impression num\u00e9rique pour une autre partie de ses cr\u00e9ations plus illustratives .<br><br>En France, Isabelle Bouteillet dispose d\u2019un atelier qui lui permet d\u2019exposer les diff\u00e9rentes facettes de son travail.<br><br>Des tirages plus illustratifs sont visibles sur le site<a href=\"http:\/\/cobalt.name\/\"> www.cobalt.name<\/a><br><br><em>\u00abUne autre partie de mon travail est plus color\u00e9e, moins abstraite&#8230; Je fais cohabiter tout cela parce que je suis comme cela. \u00bb<br><br><\/em>Isabelle Bouteillet<br><\/p>\n\n\n<figure class=\"wp-block-gallery aligncenter has-nested-images columns-2 is-cropped wp-block-gallery-1 is-layout-flex wp-block-gallery-is-layout-flex\">\n<figure class=\"wp-block-image size-full\"><a href=\"https:\/\/isabellebouteillet.com\/wp-content\/uploads\/2022\/07\/bouteillet-1.png\"><img loading=\"lazy\" decoding=\"async\" width=\"395\" height=\"325\" data-id=\"194\" src=\"https:\/\/isabellebouteillet.com\/wp-content\/uploads\/2022\/07\/bouteillet-1.png\" alt=\"\" class=\"wp-image-194\" srcset=\"https:\/\/isabellebouteillet.com\/wp-content\/uploads\/2022\/07\/bouteillet-1.png 395w, https:\/\/isabellebouteillet.com\/wp-content\/uploads\/2022\/07\/bouteillet-1-300x247.png 300w, https:\/\/isabellebouteillet.com\/wp-content\/uploads\/2022\/07\/bouteillet-1-141x116.png 141w\" sizes=\"auto, (max-width: 395px) 100vw, 395px\" \/><\/a><\/figure>\n\n\n\n<figure class=\"wp-block-image size-full\"><a href=\"https:\/\/isabellebouteillet.com\/wp-content\/uploads\/2022\/07\/Bouteillet-3.png\"><img loading=\"lazy\" decoding=\"async\" width=\"402\" height=\"318\" data-id=\"196\" src=\"https:\/\/isabellebouteillet.com\/wp-content\/uploads\/2022\/07\/Bouteillet-3.png\" alt=\"\" class=\"wp-image-196\" srcset=\"https:\/\/isabellebouteillet.com\/wp-content\/uploads\/2022\/07\/Bouteillet-3.png 402w, https:\/\/isabellebouteillet.com\/wp-content\/uploads\/2022\/07\/Bouteillet-3-300x237.png 300w, https:\/\/isabellebouteillet.com\/wp-content\/uploads\/2022\/07\/Bouteillet-3-147x116.png 147w\" sizes=\"auto, (max-width: 402px) 100vw, 402px\" \/><\/a><\/figure>\n<\/figure>\n","protected":false},"excerpt":{"rendered":"","protected":false},"author":1,"featured_media":0,"parent":0,"menu_order":0,"comment_status":"closed","ping_status":"closed","template":"page-templates\/full-width.php","meta":{"footnotes":""},"class_list":["post-9","page","type-page","status-publish","hentry"],"_links":{"self":[{"href":"https:\/\/isabellebouteillet.com\/index.php\/wp-json\/wp\/v2\/pages\/9","targetHints":{"allow":["GET"]}}],"collection":[{"href":"https:\/\/isabellebouteillet.com\/index.php\/wp-json\/wp\/v2\/pages"}],"about":[{"href":"https:\/\/isabellebouteillet.com\/index.php\/wp-json\/wp\/v2\/types\/page"}],"author":[{"embeddable":true,"href":"https:\/\/isabellebouteillet.com\/index.php\/wp-json\/wp\/v2\/users\/1"}],"replies":[{"embeddable":true,"href":"https:\/\/isabellebouteillet.com\/index.php\/wp-json\/wp\/v2\/comments?post=9"}],"version-history":[{"count":34,"href":"https:\/\/isabellebouteillet.com\/index.php\/wp-json\/wp\/v2\/pages\/9\/revisions"}],"predecessor-version":[{"id":696,"href":"https:\/\/isabellebouteillet.com\/index.php\/wp-json\/wp\/v2\/pages\/9\/revisions\/696"}],"wp:attachment":[{"href":"https:\/\/isabellebouteillet.com\/index.php\/wp-json\/wp\/v2\/media?parent=9"}],"curies":[{"name":"wp","href":"https:\/\/api.w.org\/{rel}","templated":true}]}}