{"id":97,"date":"2022-07-06T16:51:02","date_gmt":"2022-07-06T14:51:02","guid":{"rendered":"http:\/\/isabellebouteillet.com\/?page_id=97"},"modified":"2022-07-19T16:59:29","modified_gmt":"2022-07-19T14:59:29","slug":"latelier","status":"publish","type":"page","link":"https:\/\/isabellebouteillet.com\/index.php\/latelier\/","title":{"rendered":"L&#8217; ATELIER"},"content":{"rendered":"\n<h2 class=\"has-black-color has-text-color has-x-large-font-size wp-block-heading\" style=\"letter-spacing:10px\">Showroom<\/h2>\n\n\n<div class=\"wp-block-image\">\n<figure class=\"aligncenter size-large is-resized\"><img loading=\"lazy\" decoding=\"async\" src=\"https:\/\/isabellebouteillet.com\/wp-content\/uploads\/2022\/07\/DSC_4055-1-684x1024.jpg\" alt=\"\" class=\"wp-image-614\" width=\"513\" height=\"768\" srcset=\"https:\/\/isabellebouteillet.com\/wp-content\/uploads\/2022\/07\/DSC_4055-1-684x1024.jpg 684w, https:\/\/isabellebouteillet.com\/wp-content\/uploads\/2022\/07\/DSC_4055-1-200x300.jpg 200w, https:\/\/isabellebouteillet.com\/wp-content\/uploads\/2022\/07\/DSC_4055-1-768x1150.jpg 768w, https:\/\/isabellebouteillet.com\/wp-content\/uploads\/2022\/07\/DSC_4055-1-1025x1536.jpg 1025w, https:\/\/isabellebouteillet.com\/wp-content\/uploads\/2022\/07\/DSC_4055-1-1367x2048.jpg 1367w, https:\/\/isabellebouteillet.com\/wp-content\/uploads\/2022\/07\/DSC_4055-1-77x116.jpg 77w, https:\/\/isabellebouteillet.com\/wp-content\/uploads\/2022\/07\/DSC_4055-1-scaled.jpg 1709w\" sizes=\"auto, (max-width: 513px) 100vw, 513px\" \/><\/figure>\n<\/div>\n\n<p class=\"fonts-plugin-block \" style=\"font-family: Lexend Tera;font-weight: 200;color: #000000\"><em>\u00abL&#8217;atelier showroom est un lieu qui me permet de rencontrer les d\u00e9corateurs, les galeristes mais aussi les gens de ma ville. Je re\u00e7ois les r\u00e9actions du public, en direct. C&#8217;est assez agr\u00e9able d&#8217;\u00eatre le t\u00e9moin d&#8217;un coup de foudre, d&#8217;\u00eatre associ\u00e9e \u00e0 un \u00e9v\u00e9nement marquant&#8230;\u00bb<\/em><\/p>\n\n<div class=\"wp-block-image\">\n<figure class=\"aligncenter size-large is-resized\"><a href=\"https:\/\/isabellebouteillet.com\/wp-content\/uploads\/2022\/07\/Capture-de\u0301cran-2022-07-06-a\u0300-16.54.42.png\"><img decoding=\"async\" src=\"https:\/\/isabellebouteillet.com\/wp-content\/uploads\/2022\/07\/Capture-de\u0301cran-2022-07-06-a\u0300-16.54.42-edited.png\" alt=\"\" class=\"wp-image-650\" width=\"613\" srcset=\"https:\/\/isabellebouteillet.com\/wp-content\/uploads\/2022\/07\/Capture-de\u0301cran-2022-07-06-a\u0300-16.54.42-edited.png 883w, https:\/\/isabellebouteillet.com\/wp-content\/uploads\/2022\/07\/Capture-de\u0301cran-2022-07-06-a\u0300-16.54.42-edited-239x300.png 239w, https:\/\/isabellebouteillet.com\/wp-content\/uploads\/2022\/07\/Capture-de\u0301cran-2022-07-06-a\u0300-16.54.42-edited-817x1024.png 817w, https:\/\/isabellebouteillet.com\/wp-content\/uploads\/2022\/07\/Capture-de\u0301cran-2022-07-06-a\u0300-16.54.42-edited-768x963.png 768w, https:\/\/isabellebouteillet.com\/wp-content\/uploads\/2022\/07\/Capture-de\u0301cran-2022-07-06-a\u0300-16.54.42-edited-93x116.png 93w\" sizes=\"(max-width: 883px) 100vw, 883px\" \/><\/a><\/figure>\n<\/div>\n\n         <style>\r\n             #player69df4c375f634.h5vp_player { width: 50%; border-radius: ; overflow: hidden; }        <\/style>\r\n        <div id=\"h5vp_player\">\r\n            <div data-unique-id=\"69df4c375f677\" id=\"player69df4c375f634\" class=\"h5vp_player h5vp_player_initializer\" data-settings='{&quot;options&quot;:{&quot;controls&quot;:[&quot;play-large&quot;,&quot;rewind&quot;,&quot;play&quot;,&quot;fast-forward&quot;,&quot;progress&quot;,&quot;current-time&quot;,&quot;mute&quot;,&quot;volume&quot;,&quot;settings&quot;,&quot;fullscreen&quot;],&quot;loop&quot;:{&quot;active&quot;:false},&quot;muted&quot;:false,&quot;hideControls&quot;:true,&quot;autoplay&quot;:true,&quot;tooltips&quot;:{&quot;controls&quot;:true,&quot;seek&quot;:true},&quot;resetOnEnd&quot;:true,&quot;captions&quot;:{&quot;active&quot;:true,&quot;update&quot;:true}},&quot;infos&quot;:{&quot;source&quot;:&quot;https:\\\/\\\/isabellebouteillet.com\\\/wp-content\\\/uploads\\\/2022\\\/07\\\/IMG_1918.mp4&quot;,&quot;poster&quot;:false,&quot;skin&quot;:&quot;default&quot;,&quot;pause_other&quot;:false,&quot;id&quot;:0}}'>\r\n                <video playsinline poster=\"\"  autoplay >\r\n                    <source src=\"https:\/\/isabellebouteillet.com\/wp-content\/uploads\/2022\/07\/IMG_1918.mp4\" type=\"video\/mp4\">\r\n                    Your browser does not support the video tag.\r\n                <\/video>\r\n            <\/div>\r\n        <\/div>\r\n        \n\n<p class=\"fonts-plugin-block \" style=\"font-weight: normal\"><\/p>\n\n<div class=\"wp-block-image\">\n<figure class=\"aligncenter size-full is-resized\"><img loading=\"lazy\" decoding=\"async\" src=\"https:\/\/isabellebouteillet.com\/wp-content\/uploads\/2022\/07\/photojoliedelatelier.jpg\" alt=\"\" class=\"wp-image-610\" width=\"466\" height=\"343\" srcset=\"https:\/\/isabellebouteillet.com\/wp-content\/uploads\/2022\/07\/photojoliedelatelier.jpg 413w, https:\/\/isabellebouteillet.com\/wp-content\/uploads\/2022\/07\/photojoliedelatelier-300x221.jpg 300w, https:\/\/isabellebouteillet.com\/wp-content\/uploads\/2022\/07\/photojoliedelatelier-158x116.jpg 158w\" sizes=\"auto, (max-width: 466px) 100vw, 466px\" \/><\/figure>\n<\/div>\n\n<p class=\"fonts-plugin-block \" style=\"font-family: Lexend Tera;font-weight: 200;text-align: center;color: #000000\">Atelier Isabelle Bouteillet<br>Rue Jouy Boudonville<br>78100 Saint Germain en Laye<\/p>\n\n\n<ul class=\"wp-block-social-links aligncenter has-icon-color is-style-pill-shape is-layout-flex wp-block-social-links-is-layout-flex\"><li style=\"color:#ffffff;\" class=\"wp-social-link wp-social-link-instagram has-white-color wp-block-social-link\"><a rel=\"noopener nofollow\" target=\"_blank\" href=\"https:\/\/www.instagram.com\/atelierbyisacobalt\/?hl=fr\" class=\"wp-block-social-link-anchor\"><svg width=\"24\" height=\"24\" viewBox=\"0 0 24 24\" version=\"1.1\" xmlns=\"http:\/\/www.w3.org\/2000\/svg\" aria-hidden=\"true\" focusable=\"false\"><path d=\"M12,4.622c2.403,0,2.688,0.009,3.637,0.052c0.877,0.04,1.354,0.187,1.671,0.31c0.42,0.163,0.72,0.358,1.035,0.673 c0.315,0.315,0.51,0.615,0.673,1.035c0.123,0.317,0.27,0.794,0.31,1.671c0.043,0.949,0.052,1.234,0.052,3.637 s-0.009,2.688-0.052,3.637c-0.04,0.877-0.187,1.354-0.31,1.671c-0.163,0.42-0.358,0.72-0.673,1.035 c-0.315,0.315-0.615,0.51-1.035,0.673c-0.317,0.123-0.794,0.27-1.671,0.31c-0.949,0.043-1.233,0.052-3.637,0.052 s-2.688-0.009-3.637-0.052c-0.877-0.04-1.354-0.187-1.671-0.31c-0.42-0.163-0.72-0.358-1.035-0.673 c-0.315-0.315-0.51-0.615-0.673-1.035c-0.123-0.317-0.27-0.794-0.31-1.671C4.631,14.688,4.622,14.403,4.622,12 s0.009-2.688,0.052-3.637c0.04-0.877,0.187-1.354,0.31-1.671c0.163-0.42,0.358-0.72,0.673-1.035 c0.315-0.315,0.615-0.51,1.035-0.673c0.317-0.123,0.794-0.27,1.671-0.31C9.312,4.631,9.597,4.622,12,4.622 M12,3 C9.556,3,9.249,3.01,8.289,3.054C7.331,3.098,6.677,3.25,6.105,3.472C5.513,3.702,5.011,4.01,4.511,4.511 c-0.5,0.5-0.808,1.002-1.038,1.594C3.25,6.677,3.098,7.331,3.054,8.289C3.01,9.249,3,9.556,3,12c0,2.444,0.01,2.751,0.054,3.711 c0.044,0.958,0.196,1.612,0.418,2.185c0.23,0.592,0.538,1.094,1.038,1.594c0.5,0.5,1.002,0.808,1.594,1.038 c0.572,0.222,1.227,0.375,2.185,0.418C9.249,20.99,9.556,21,12,21s2.751-0.01,3.711-0.054c0.958-0.044,1.612-0.196,2.185-0.418 c0.592-0.23,1.094-0.538,1.594-1.038c0.5-0.5,0.808-1.002,1.038-1.594c0.222-0.572,0.375-1.227,0.418-2.185 C20.99,14.751,21,14.444,21,12s-0.01-2.751-0.054-3.711c-0.044-0.958-0.196-1.612-0.418-2.185c-0.23-0.592-0.538-1.094-1.038-1.594 c-0.5-0.5-1.002-0.808-1.594-1.038c-0.572-0.222-1.227-0.375-2.185-0.418C14.751,3.01,14.444,3,12,3L12,3z M12,7.378 c-2.552,0-4.622,2.069-4.622,4.622S9.448,16.622,12,16.622s4.622-2.069,4.622-4.622S14.552,7.378,12,7.378z M12,15 c-1.657,0-3-1.343-3-3s1.343-3,3-3s3,1.343,3,3S13.657,15,12,15z M16.804,6.116c-0.596,0-1.08,0.484-1.08,1.08 s0.484,1.08,1.08,1.08c0.596,0,1.08-0.484,1.08-1.08S17.401,6.116,16.804,6.116z\"><\/path><\/svg><span class=\"wp-block-social-link-label screen-reader-text\">Instagram<\/span><\/a><\/li><\/ul>\n\n\n\n<h2 class=\"has-black-color has-text-color has-x-large-font-size wp-block-heading\" style=\"font-style:normal;font-weight:100;letter-spacing:10px\">L&#8217;atelier cr\u00e9ation<\/h2>\n\n\n<div class=\"wp-block-image\">\n<figure class=\"aligncenter size-full is-resized\"><img loading=\"lazy\" decoding=\"async\" src=\"https:\/\/isabellebouteillet.com\/wp-content\/uploads\/2022\/07\/atelier-haut-6-edited.jpeg\" alt=\"\" class=\"wp-image-726\" width=\"546\" height=\"310\" srcset=\"https:\/\/isabellebouteillet.com\/wp-content\/uploads\/2022\/07\/atelier-haut-6-edited.jpeg 728w, https:\/\/isabellebouteillet.com\/wp-content\/uploads\/2022\/07\/atelier-haut-6-edited-300x170.jpeg 300w, https:\/\/isabellebouteillet.com\/wp-content\/uploads\/2022\/07\/atelier-haut-6-edited-204x116.jpeg 204w\" sizes=\"auto, (max-width: 546px) 100vw, 546px\" \/><\/figure>\n<\/div>\n\n<p class=\"fonts-plugin-block \" style=\"font-family: Lexend Tera;font-weight: 200;color: #000000\">&#8220;L&#8217;atelier de cr\u00e9ation est un lieu tr\u00e8s priv\u00e9 o\u00f9 les papiers, les pinceaux, les outils, les peintures doivent pouvoir rester en plan. C&#8217;est important pour moi de pouvoir laisser les oeuvres reposer. Lorsque je reviens avec un oeil neuf, c&#8217;est plus facile de reprendre ou de rectifier. Il y a des jours de grands rangements lorsque je peux plus rien poser ni sur les tables ni sur le sol.&#8221;<\/p>\n\n\n<figure class=\"wp-block-gallery has-nested-images columns-default is-cropped wp-block-gallery-1 is-layout-flex wp-block-gallery-is-layout-flex\">\n<figure class=\"wp-block-image size-large\"><a href=\"https:\/\/isabellebouteillet.com\/wp-content\/uploads\/2022\/07\/atelier-haut-2.jpeg\"><img loading=\"lazy\" decoding=\"async\" width=\"750\" height=\"901\" data-id=\"719\" src=\"https:\/\/isabellebouteillet.com\/wp-content\/uploads\/2022\/07\/atelier-haut-2.jpeg\" alt=\"\" class=\"wp-image-719\" srcset=\"https:\/\/isabellebouteillet.com\/wp-content\/uploads\/2022\/07\/atelier-haut-2.jpeg 750w, https:\/\/isabellebouteillet.com\/wp-content\/uploads\/2022\/07\/atelier-haut-2-250x300.jpeg 250w, https:\/\/isabellebouteillet.com\/wp-content\/uploads\/2022\/07\/atelier-haut-2-97x116.jpeg 97w\" sizes=\"auto, (max-width: 750px) 100vw, 750px\" \/><\/a><\/figure>\n\n\n\n<figure class=\"wp-block-image size-large\"><a href=\"https:\/\/isabellebouteillet.com\/wp-content\/uploads\/2022\/07\/atelier-haut1.jpeg\"><img loading=\"lazy\" decoding=\"async\" width=\"750\" height=\"956\" data-id=\"722\" src=\"https:\/\/isabellebouteillet.com\/wp-content\/uploads\/2022\/07\/atelier-haut1.jpeg\" alt=\"\" class=\"wp-image-722\" srcset=\"https:\/\/isabellebouteillet.com\/wp-content\/uploads\/2022\/07\/atelier-haut1.jpeg 750w, https:\/\/isabellebouteillet.com\/wp-content\/uploads\/2022\/07\/atelier-haut1-235x300.jpeg 235w, https:\/\/isabellebouteillet.com\/wp-content\/uploads\/2022\/07\/atelier-haut1-91x116.jpeg 91w\" sizes=\"auto, (max-width: 750px) 100vw, 750px\" \/><\/a><\/figure>\n\n\n\n<figure class=\"wp-block-image size-full\"><a href=\"https:\/\/isabellebouteillet.com\/wp-content\/uploads\/2022\/07\/atelier-haut.jpeg\"><img loading=\"lazy\" decoding=\"async\" width=\"742\" height=\"620\" data-id=\"723\" src=\"https:\/\/isabellebouteillet.com\/wp-content\/uploads\/2022\/07\/atelier-haut.jpeg\" alt=\"\" class=\"wp-image-723\" srcset=\"https:\/\/isabellebouteillet.com\/wp-content\/uploads\/2022\/07\/atelier-haut.jpeg 742w, https:\/\/isabellebouteillet.com\/wp-content\/uploads\/2022\/07\/atelier-haut-300x251.jpeg 300w, https:\/\/isabellebouteillet.com\/wp-content\/uploads\/2022\/07\/atelier-haut-139x116.jpeg 139w\" sizes=\"auto, (max-width: 742px) 100vw, 742px\" \/><\/a><\/figure>\n<\/figure>\n","protected":false},"excerpt":{"rendered":"<p>Showroom L&#8217;atelier cr\u00e9ation<\/p>\n","protected":false},"author":1,"featured_media":0,"parent":0,"menu_order":0,"comment_status":"closed","ping_status":"closed","template":"page-templates\/full-width.php","meta":{"footnotes":""},"class_list":["post-97","page","type-page","status-publish","hentry"],"_links":{"self":[{"href":"https:\/\/isabellebouteillet.com\/index.php\/wp-json\/wp\/v2\/pages\/97","targetHints":{"allow":["GET"]}}],"collection":[{"href":"https:\/\/isabellebouteillet.com\/index.php\/wp-json\/wp\/v2\/pages"}],"about":[{"href":"https:\/\/isabellebouteillet.com\/index.php\/wp-json\/wp\/v2\/types\/page"}],"author":[{"embeddable":true,"href":"https:\/\/isabellebouteillet.com\/index.php\/wp-json\/wp\/v2\/users\/1"}],"replies":[{"embeddable":true,"href":"https:\/\/isabellebouteillet.com\/index.php\/wp-json\/wp\/v2\/comments?post=97"}],"version-history":[{"count":45,"href":"https:\/\/isabellebouteillet.com\/index.php\/wp-json\/wp\/v2\/pages\/97\/revisions"}],"predecessor-version":[{"id":762,"href":"https:\/\/isabellebouteillet.com\/index.php\/wp-json\/wp\/v2\/pages\/97\/revisions\/762"}],"wp:attachment":[{"href":"https:\/\/isabellebouteillet.com\/index.php\/wp-json\/wp\/v2\/media?parent=97"}],"curies":[{"name":"wp","href":"https:\/\/api.w.org\/{rel}","templated":true}]}}